 is divided by 818.
732
Calculate the remainder when 82447 is divided by 6338.
53
Calculate the remainder when 1102 is divided by 1020.
82
Calculate the remainder when 4790 is divided by 200.
190
Calculate the remainder when 1632 is divided by 3.
0
What is the remainder when 4091 is divided by 52?
35
What is the remainder when 30666 is divided by 59?
45
What is the remainder when 458 is divided by 133?
59
What is the remainder when 12814 is divided by 5?
4
Calculate the remainder when 312783 is divided by 312771.
12
Calculate the remainder when 68206 is divided by 168.
166
What is the remainder when 47007 is divided by 365?
287
Calculate the remainder when 3437852 is divided by 2076.
2072
What is the remainder when 244206 is divided by 48839?
11
Calculate the remainder when 24787 is divided by 67.
64
Calculate the remainder when 2077 is divided by 260.
257
Calculate the remainder when 13110 is divided by 52.
6
What is the remainder when 4845 is divided by 548?
461
Calculate the remainder when 43281 is divided by 108.
81
Calculate the remainder when 4791 is divided by 680.
31
What is the remainder when 267388 is divided by 66846?
4
What is the remainder when 1024393 is divided by 18?
13
What is the remainder when 282871 is divided by 94278?
37
What is the remainder when 78395 is divided by 101?
19
Calculate the remainder when 4021 is divided by 668.
13
What is the remainder when 1250 is divided by 402?
44
What is the remainder when 23668 is divided by 881?
762
What is the remainder when 23398 is divided by 150?
148
Calculate the remainder when 2011 is divided by 168.
163
What is the remainder when 87465 is divided by 29147?
24
Calculate the remainder when 339319 is divided by 40.
39
What is the remainder when 74250 is divided by 312?
306
What is the remainder when 779027 is divided by 519?
8
What is the remainder when 14774 is divided by 9?
5
Calculate the remainder when 62956 is divided by 29.
26
Calculate the remainder when 2951279 is divided by 9.
8
Calculate the remainder when 2337 is divided by 2237.
100
Calculate the remainder when 7643 is divided by 855.
803
Calculate the remainder when 1880 is divided by 55.
10
Calculate the remainder when 676 is divided by 527.
149
What is the remainder when 78834 is divided by 36?
30
What is the remainder when 245 is divided by 141?
104
Calculate the remainder when 560951 is divided by 418.
413
What is the remainder when 373 is divided by 137?
99
What is the remainder when 3860 is divided by 84?
80
Calculate the remainder when 3967 is divided by 91.
54
What is the remainder when 864 is divided by 11?
6
What is the remainder when 6733 is divided by 1908?
1009
What is the remainder when 1225479 is divided by 339?
333
Calculate the remainder when 2047 is divided by 6.
1
Calculate the remainder when 1903 is divided by 1840.
63
What is the remainder when 3528 is divided by 206?
26
What is the remainder when 44321 is divided by 3?
2
What is the remainder when 283 is divided by 244?
39
Calculate the remainder when 12587 is divided by 32.
11
What is the remainder when 115639 is divided by 77?
62
What is the remainder when 330156 is divided by 253?
244
Calculate the remainder when 402374 is divided by 52.
50
Calculate the remainder when 6104 is divided by 452.
228
Calculate the remainder when 29634 is divided by 119.
3
What is the remainder when 6150 is divided by 39?
27
Calculate the remainder when 1072 is divided by 236.
128
What is the remainder when 203866 is divided by 3185?
26
Calculate the remainder when 359063 is divided by 28.
19
Calculate the remainder when 1093 is divided by 179.
19
Calculate the remainder when 61026 is divided by 124.
18
What is the remainder when 2695 is divided by 112?
7
Calculate the remainder when 4085 is divided by 4038.
47
Calculate the remainder when 907 is divided by 483.
424
Calculate the remainder when 464 is divided by 76.
8
Calculate the remainder when 123891 is divided by 1630.
11
Calculate the remainder when 1253 is divided by 125.
3
What is the remainder when 535 is divided by 520?
15
Calculate the remainder when 25916 is divided by 3237.
20
Calculate the remainder when 88986 is divided by 231.
51
Calculate the remainder when 86979 is divided by 114.
111
Calculate the remainder when 330633 is divided by 202.
161
Calculate the remainder when 504167 is divided by 1075.
1067
Calculate the remainder when 1722 is divided by 194.
170
What is the remainder when 1168725 is divided by 2823?
3
What is the remainder when 51467 is divided by 61?
44
What is the remainder when 1902326 is divided by 30?
26
What is the remainder when 1398191 is divided by 29?
14
What is the remainder when 207889 is divided by 188?
149
Calculate the remainder when 8758 is divided by 1458.
10
What is the remainder when 21008 is divided by 512?
16
What is the remainder when 6810 is divided by 284?
278
Calculate the remainder when 35665 is divided by 223.
208
Calculate the remainder when 327428 is divided by 163711.
6
Calculate the remainder when 14879 is divided by 1652.
11
Calculate the remainder when 502 is divided by 283.
219
What is the remainder when 5013 is divided by 851?
758
What is the remainder when 40419 is divided by 898?
9
What is the remainder when 118242 is divided by 72?
18
Calculate the remainder when 6977 is divided by 25.
2
What is the remainder when 907 is divided by 246?
169
Calculate the remainder when 2512 is divided by 316.
300
Calculate the remainder when 127927 is divided by 934.
903
What is the remainder when 167871 is divided by 1805?
6
Calculate the remainder when 2483 is divided by 248.
3
What is the remainder when 556428 is divided by 6?
0
Calculate the remainder when 108354 is divided by 6373.
13
What is the remainder when 162812 is divided by 64?
60
What is the remainder when 818 is divided by 260?
38
What is the remainder when 6257 is divided by 25?
7
What is the remainder when 4955 is divided by 35?
20
Calculate the remainder when 21634 is divided by 68.
10
Calculate the remainder when 9512 is divided by 1005.
467
What is the remainder when 513 is divided by 192?
129
What is the remainder when 14850 is divided by 13?
4
What is the remainder when 1105 is divided by 580?
525
What is the remainder when 4819 is divided by 1540?
199
Calculate the remainder when 121946 is divided by 45.
41
What is the remainder when 20681 is divided by 100?
81
What is the remainder when 8586 is divided by 244?
46
What is the remainder when 110453 is divided by 1416?
5
What is the remainder when 33582 is divided by 147?
66
Calculate the remainder when 170866 is divided by 58.
56
What is the remainder when 40325 is divided by 28?
5
What is the remainder when 38343 is divided by 77?
74
What is the remainder when 4351 is divided by 1419?
94
What is the remainder when 30573 is divided by 430?
43
What is the remainder when 388 is divided by 32?
4
Calculate the remainder when 100828 is divided by 15.
13
Calculate the remainder when 7238 is divided by 3604.
30
Calculate the remainder when 2797 is divided by 517.
212
What is the remainder when 18813 is divided by 20?
13
Calculate the remainder when 2267 is divided by 251.
8
Calculate the remainder when 3006 is divided by 784.
654
What is the remainder when 314753 is divided by 1499?
1462
Calculate the remainder when 3333 is divided by 65.
18
Calculate the remainder when 164536 is divided by 10283.
8
What is the remainder when 21783 is divided by 2?
1
What is the remainder when 3844 is divided by 734?
174
Calculate the remainder when 812987 is divided by 44.
43
What is the remainder when 271743 is divided by 64?
63
What is the remainder when 3334 is divided by 1663?
8
Calculate the remainder when 62857 is divided by 140.
137
What is the remainder when 615 is divided by 534?
81
What is the remainder when 55340 is divided by 354?
116
What is the remainder when 174321 is divided by 21789?
9
What is the remainder when 1553 is divided by 17?
6
Calculate the remainder when 229576 is divided by 79.
2
What is the remainder when 4795 is divided by 686?
679
Calculate the remainder when 2753 is divided by 2700.
53
Calculate the remainder when 5770559 is divided by 60.
59
Calculate the remainder when 6959 is divided by 35.
29
Calculate the remainder when 69